{"id":14,"date":"2025-07-31T20:47:26","date_gmt":"2025-07-31T23:47:26","guid":{"rendered":"http:\/\/rmiluminacao.com.br\/?page_id=14"},"modified":"2025-08-01T12:12:34","modified_gmt":"2025-08-01T15:12:34","slug":"homepage","status":"publish","type":"page","link":"https:\/\/rmiluminacao.com.br\/","title":{"rendered":"homepage"},"content":{"rendered":"\t\t<div data-elementor-type=\"wp-page\" data-elementor-id=\"14\" class=\"elementor elementor-14\" data-elementor-post-type=\"page\">\n\t\t\t\t<div class=\"elementor-element elementor-element-e9bd6bd e-flex e-con-boxed e-con e-parent\" data-id=\"e9bd6bd\" data-element_type=\"container\">\n\t\t\t\t\t<div class=\"e-con-inner\">\n\t\t<div class=\"elementor-element elementor-element-1fce232 e-con-full e-flex e-con e-child\" data-id=\"1fce232\" data-element_type=\"container\">\n\t\t\t\t<div class=\"elementor-element elementor-element-d023316 elementor-widget elementor-widget-image\" data-id=\"d023316\" data-element_type=\"widget\" data-widget_type=\"image.default\">\n\t\t\t\t\t\t\t\t\t\t\t\t\t\t\t<img fetchpriority=\"high\" decoding=\"async\" width=\"800\" height=\"291\" src=\"https:\/\/rmiluminacao.com.br\/wp-content\/uploads\/2025\/07\/logo_adrilustres-1024x373.webp\" class=\"attachment-large size-large wp-image-17\" alt=\"\" srcset=\"https:\/\/rmiluminacao.com.br\/wp-content\/uploads\/2025\/07\/logo_adrilustres-1024x373.webp 1024w, https:\/\/rmiluminacao.com.br\/wp-content\/uploads\/2025\/07\/logo_adrilustres-300x109.webp 300w, https:\/\/rmiluminacao.com.br\/wp-content\/uploads\/2025\/07\/logo_adrilustres-768x279.webp 768w, https:\/\/rmiluminacao.com.br\/wp-content\/uploads\/2025\/07\/logo_adrilustres.webp 1080w\" sizes=\"(max-width: 800px) 100vw, 800px\" \/>\t\t\t\t\t\t\t\t\t\t\t\t\t\t\t<\/div>\n\t\t\t\t<\/div>\n\t\t\t\t\t<\/div>\n\t\t\t\t<\/div>\n\t\t<div class=\"elementor-element elementor-element-63af075 e-flex e-con-boxed e-con e-parent\" data-id=\"63af075\" data-element_type=\"container\" data-settings=\"{&quot;background_background&quot;:&quot;classic&quot;}\">\n\t\t\t\t\t<div class=\"e-con-inner\">\n\t\t<div class=\"elementor-element elementor-element-c75a0bd e-con-full e-flex e-con e-child\" data-id=\"c75a0bd\" data-element_type=\"container\">\n\t\t\t\t<div class=\"elementor-element elementor-element-34477ea elementor-widget elementor-widget-heading\" data-id=\"34477ea\" data-element_type=\"widget\" data-widget_type=\"heading.default\">\n\t\t\t\t\t<h2 class=\"elementor-heading-title elementor-size-default\">RM Ilumina\u00e7\u00e3o agora \u00e9 ADRILUSTRES !<\/h2>\t\t\t\t<\/div>\n\t\t\t\t<\/div>\n\t\t<div class=\"elementor-element elementor-element-8b1ce65 e-con-full e-flex e-con e-child\" data-id=\"8b1ce65\" data-element_type=\"container\">\n\t\t\t\t<div class=\"elementor-element elementor-element-52f2270 elementor-widget elementor-widget-text-editor\" data-id=\"52f2270\" data-element_type=\"widget\" data-widget_type=\"text-editor.default\">\n\t\t\t\t\t\t\t\t\t<p>A qualidade, o atendimento e a paix\u00e3o pela ilumina\u00e7\u00e3o continuam os mesmos\u00a0 s\u00f3 o nome mudou.<br data-start=\"258\" data-end=\"261\" \/>Estamos de cara nova, mas com o mesmo brilho de sempre para iluminar sua vida com estilo.<\/p>\t\t\t\t\t\t\t\t<\/div>\n\t\t\t\t<div class=\"elementor-element elementor-element-f1d4fa2 elementor-widget elementor-widget-button\" data-id=\"f1d4fa2\" data-element_type=\"widget\" data-widget_type=\"button.default\">\n\t\t\t\t\t\t\t\t\t\t<a class=\"elementor-button elementor-button-link elementor-size-sm\" href=\"https:\/\/www.adrilustres.com.br\/\">\n\t\t\t\t\t\t<span class=\"elementor-button-content-wrapper\">\n\t\t\t\t\t\t\t\t\t<span class=\"elementor-button-text\"> Conhe\u00e7a o novo site da ADRILUSTRES<\/span>\n\t\t\t\t\t<\/span>\n\t\t\t\t\t<\/a>\n\t\t\t\t\t\t\t\t<\/div>\n\t\t\t\t<\/div>\n\t\t\t\t\t<\/div>\n\t\t\t\t<\/div>\n\t\t\t\t<\/div>\n\t\t","protected":false},"excerpt":{"rendered":"<p>RM Ilumina\u00e7\u00e3o agora \u00e9 ADRILUSTRES ! A qualidade, o atendimento e a paix\u00e3o pela ilumina\u00e7\u00e3o continuam os mesmos\u00a0 s\u00f3 o nome mudou.Estamos de cara nova, mas com o mesmo brilho de sempre para iluminar sua vida com estilo. Conhe\u00e7a o novo site da ADRILUSTRES<\/p>\n","protected":false},"author":1,"featured_media":0,"parent":0,"menu_order":0,"comment_status":"closed","ping_status":"closed","template":"","meta":{"footnotes":""},"class_list":["post-14","page","type-page","status-publish","hentry"],"_links":{"self":[{"href":"https:\/\/rmiluminacao.com.br\/index.php\/wp-json\/wp\/v2\/pages\/14","targetHints":{"allow":["GET"]}}],"collection":[{"href":"https:\/\/rmiluminacao.com.br\/index.php\/wp-json\/wp\/v2\/pages"}],"about":[{"href":"https:\/\/rmiluminacao.com.br\/index.php\/wp-json\/wp\/v2\/types\/page"}],"author":[{"embeddable":true,"href":"https:\/\/rmiluminacao.com.br\/index.php\/wp-json\/wp\/v2\/users\/1"}],"replies":[{"embeddable":true,"href":"https:\/\/rmiluminacao.com.br\/index.php\/wp-json\/wp\/v2\/comments?post=14"}],"version-history":[{"count":10,"href":"https:\/\/rmiluminacao.com.br\/index.php\/wp-json\/wp\/v2\/pages\/14\/revisions"}],"predecessor-version":[{"id":28,"href":"https:\/\/rmiluminacao.com.br\/index.php\/wp-json\/wp\/v2\/pages\/14\/revisions\/28"}],"wp:attachment":[{"href":"https:\/\/rmiluminacao.com.br\/index.php\/wp-json\/wp\/v2\/media?parent=14"}],"curies":[{"name":"wp","href":"https:\/\/api.w.org\/{rel}","templated":true}]}}